 p(24)?
7
Suppose -3*z + 4*z + 29913 = 4*c, 5*c - 37410 = -5*z. What is the tens digit of c?
7
Let y = -171 + 161. What is the tens digit of (-4)/(6 + y) + 19?
2
Let b(z) = -4*z - 46. Let l = 1 - -9. Suppose -l*j - 136 - 64 = 0. What is the units digit of b(j)?
4
Suppose -5*d + 88 = 3*x, -d + 32 = 2*x - 3*d. Suppose 1618 = -x*n + 11845. What is the hundreds digit of n?
4
Let t = 439 - 440. What is the tens digit of (261/(-6))/(-1 - t/2)?
8
What is the units digit of (-698)/20*(8 + -534) - (-6)/(-15)?
7
Let d(q) = 8*q - 4. Let x(h) = h. Let r(o) = d(o) + 4*x(o). Let y = -67 - -70. What is the tens digit of r(y)?
3
Let v be (-2)/((-8)/251) + (-2)/(-8). Let j = v - -60. What is the tens digit of (j - 0) + (-4 - -7)?
2
Let d = 4501 - 2502. What is the thousands digit of d?
1
Let p(z) = -z**3 - 22*z**2 + 6*z + 140. Let k be p(-22). Suppose 4850 = k*g - 3430. What is the tens digit of g?
3
Let a(y) = -10326*y - 2925. What is the tens digit of a(-6)?
3
What is the thousands digit of 5/20*90255 + 9/(-12)?
2
Let w be (2/3)/(-2) - 1524/(-9). Suppose -4*a = w + 55. What is the tens digit of ((a/6)/(-4))/((-1)/(-6))?
1
Suppose -12*b - 5*f - 25475 = -15*b, -3*b = -4*f - 25474. What is the thousands digit of b?
8
Suppose -248 = -c + 396. Let m = c - 120. Suppose 0 = -2*p + m - 136. What is the hundreds digit of p?
1
Suppose 2*j - l - 8981 = 0, -3*j - 231*l + 233*l = -13473. What is the units digit of j?
9
Let k(t) = 4902*t**2 - 464*t + 1394. What is the units digit of k(3)?
0
Let c be (10 - 1)*12/90*25. What is the units digit of 5/c + (-2)/12 + 446?
6
Let t = 8 + 1. Suppose 3*a - 9 = 0, -3*q = 4*a - t*a - 2229. Suppose 2*n + 2*n + 4 = 0, 4*n - q = -4*j. What is the hundreds digit of j?
1
Suppose -6*g - 822 + 156 = 0. Let p = 610 - g. What is the tens digit of p?
2
Let n(z) = z**2 - 8*z - 31. Let v be n(11). Suppose j = -v*a + 1417, 2*j - 7*j - 1435 = -2*a. What is the units digit of a?
0
Let f(m) = -5004*m - 3409. What is the tens digit of f(-10)?
3
Let l(z) = 128*z - 2422. What is the tens digit of l(66)?
2
Suppose 0 = b, -4*h + b + 0*b + 156 = 0. Let r = h - 5. Let g = r + -29. What is the units digit of g?
5
Suppose -3*q + 4*q + 2*f = 6, 15 = -q + 5*f. Suppose 5*j + 3*g - 28 = q, -3*j = -0*j + 5*g - 20. Suppose 0 = j*p - 4*p - 229. What is the tens digit of p?
2
Let n = 281 + -259. Let b = n + -6. What is the tens digit of b?
1
Let o be (85 - 50)*((-188)/(-7) - 2). Suppose j - q + 3*q = 444, -2*j + 5*q = -o. What is the units digit of j?
0
Suppose 2*o + 502 - 2296 = 0. Let d = o + -535. What is the tens digit of d?
6
Let q = 43 + -38. Suppose 3*x - q*v - 2260 = -487, 4*x - 2350 = 2*v. What is the tens digit of x?
8
Let w = 3156 - 4894. Let j = -1058 - w. What is the tens digit of j?
8
What is the tens digit of (119/(-17))/((5 + 9680/(-1935))*1)?
0
Let n(y) = -4*y**3 - 7*y**2 - y + 28. Let k(i) = 19*i**3 + 34*i**2 + 6*i - 139. Let j(r) = 2*k(r) + 11*n(r). What is the units digit of j(-6)?
6
Suppose 248*k - 1485072 = 230*k. What is the tens digit of k?
0
Let i(r) = -664*r - 7971. What is the ten thousands digit of i(-110)?
6
Let y(z) = z**3 + z**2 - 2*z. Let d be y(0). Suppose -10*p + 14*p = d. Let c(f) = f**2 + 12. What is the units digit of c(p)?
2
Suppose 990 = a - 2*s, a = -4*a + 3*s + 4943. What is the tens digit of 908*(4/(-38) + 351/a)?
2
Let r = 10154 + -4194. What is the hundreds digit of r?
9
Let h = -278 + 274. What is the hundreds digit of (-81)/(-21) + h - (-3006)/21?
1
Suppose -j + 5 = -2*j, 4*q - 3*j = 10135. Suppose 2038 = 4*d - 3*p, 0*p + q = 5*d + 5*p. What is the hundreds digit of d?
5
Let j(k) = 2*k**3 + 10*k**2 - 4*k + 15. Let h be j(-9). Let c = h - -1106. What is the tens digit of c?
0
Let f(p) be the third derivative of -p**6/120 + 17*p**5/20 - 53*p**4/12 - 127*p**3/6 + 112*p**2. What is the units digit of f(48)?
7
Suppose 174 = -5*s + 324. What is the units digit of 5 - (-5)/(s/462)?
2
What is the units digit of (4 - 20/5) + 3/6*133678?
9
Let i = 25 - 22. Suppose -5*d - i*p = -5 - 2, -5*p = -d + 7. Suppose -d*g = -6*g + 88. What is the tens digit of g?
2
Suppose -4*c + 23*c - 3*c = 506736. What is the hundreds digit of c?
6
Suppose 5*h = 4*u - 36995 - 32957, -3*h - 87440 = -5*u. What is the thousands digit of u?
7
Suppose -7*k = -5*a - 8*k - 659, a - 5*k + 111 = 0. Let z = a - -667. What is the units digit of z?
6
Let x = -2495 - -3744. Let k be ((-17)/(-4) + -4)*0 + x. Suppose -m - 2*t + 248 = -0*t, 0 = -5*m - t + k. What is the tens digit of m?
5
Let o = -680 - -2990. What is the hundreds digit of o?
3
Let z(k) = -661*k + 1857. What is the hundreds digit of z(-92)?
6
Let g(t) = t**3 + 95*t**2 + 201*t + 146. What is the hundreds digit of g(-90)?
5
What is the tens digit of (-220165)/(-44)*(-80)/(-50)?
0
Suppose 10*k - 53651 = -14271. Suppose a = -3*g + 1291, 0 = 3*a + 3*g - 7*g - k. What is the units digit of a?
6
Suppose -5*v + 35 = a, -5*v = -3*v - 3*a + 3. Suppose -v + 2 = -2*w. Suppose -33 = w*x - 337. What is the tens digit of x?
5
Let r = 364 + -357. What is the hundreds digit of -3 + (r - (-3 - 142))?
1
Let z = -100 + 102. Let a(q) = 317*q + 1. What is the tens digit of a(z)?
3
Suppose 3*f = 2*f + 128. Let q be (-20)/(-8) - -3*(-2)/(-12). Suppose 4*t + f = 4*k, 0 = 2*t - 1 + q. What is the units digit of k?
1
Let x(a) = a**3 - 2*a**2 - 4*a - 12. Let s be x(4). What is the units digit of -252*((-6)/s)/((-96)/(-224))?
2
Suppose -90*c + 361860 + 165180 = 0. What is the units digit of c?
6
Suppose -2*u - 2*z = -6324, -5*u - 2576 + 18418 = -3*z. What is the tens digit of u?
6
Suppose -898*j + 902*j - 4*q = 91364, 3*j + 4*q - 68544 = 0. What is the tens digit of j?
4
Let n(p) = 573*p + 1414. What is the units digit of n(24)?
6
Let t be (-12)/(2*(-4)/4). Suppose -3*o - 4*i - 5 = 0, 4*o + t*i = 4*i + 10. Suppose o*d = 5*f + 450, 4*f - 70 = -d + 40. What is the tens digit of d?
9
Let u(m) = -m**3 - 8*m**2 - 7*m - 1. Let j be u(-8). Let p = j - 52. Suppose -3*b - 396 = -p*x, 3*x = 2*x - b + 126. What is the tens digit of x?
2
Let z be -1 + (-57)/(-21) + (-10)/(-35). Suppose -2*k - 43 = -3*h, z*h = -4*k - h - 41. What is the tens digit of 24/k*(537/(-6) + -5)?
6
Let z(v) = -v**2 + 8*v - 4. Let y be z(7). Suppose d = y*g - 750, -d = 5*g - 1990 + 740. What is the units digit of g?
0
Let a = -1467 + 2995. What is the tens digit of a?
2
What is the tens digit of 31/(1953/135666)*(-1 + (-27)/(-6))?
3
Let p = 4485 - 4456. Let o = 246 - 118. Suppose -p*h = -31*h + o. What is the tens digit of h?
6
Suppose 496*d - 35580388 = -323*d + 173*d. What is the ten thousands digit of d?
5
Suppose -4*z - 43 = 4*l - l, -l + z - 19 = 0. Let s = 21 + l. What is the tens digit of (-3)/s + (-1915)/(-20)?
9
Let a(h) = 465*h + 2339. What is the hundreds digit of a(67)?
4
Let r(v) = -v**3 - 11*v**2 + v + 12. Let w be r(-11). Let h be 66/(-10) + w + (-141)/(-235). What is the hundreds digit of 88/(h/(-25)*20/12)?
2
Suppose 3*t + 2*s = 55581, -225*t - 2*s + 74106 = -221*t. What is the tens digit of t?
2
Suppose -86*r + 161*r - 90*r + 261240 = 0. What is the units digit of r?
6
Let f(q) be the third derivative of 107*q**5/60 + 25*q**4/24 + q**2 - 27. What is the units digit of f(-1)?
2
Suppose 5*n = i - 9, i - 10 = 4*n + 1. Suppose -i + 8 = -p. What is the units digit of p?
1
Let x = 578 - -6739. What is the units digit of x?
7
Let v(x) = 197*x**3 - 8*x**2 + 4*x - 13. What is the thousands digit of v(3)?
5
Let q be 7/((-4135)/2065 + 2). Let m = -1561 - q. What is the hundreds digit of m?
3
What is the tens digit of ((-7296)/(-40))/(-3 - (-15)/((-9375)/(-1880)))?
0
Let z be (3 - 7) + 53 + (1 - -1). Let t = 222 + z. What is the units digit of t?
3
Suppose -6*p + 8 + 28 = 0. Suppose -p*g + 28 = g. Suppose 0 = -g*q + 4, -4*n + q - 2*q = -585. What is the units digit of n?
6
Suppose 3023 = -27*w + 28*w + 2*x, 0 = 4*x - 12. What is the tens digit of w?
1
Suppose 5*c = 8*c. Let p(j) = -j**2 + 6*j - 2. Let w be p(1). Suppose c = w*a + 4*t - 855, 3*t + 1139 = 4*a + 8*t. What is the hundreds digit of a?
2
Let h(q) = 10*q**2 - 303*q + 78. What is the units digit of h(40)?
8
Suppose -4*t + 8*t - 152 = 0. Let f = t - 13. Let k = f + -11. What is the tens digit of k?
1
Let t = -6 + 12. Let u be ((-32)/(-3))/1*t. Suppose -2*y - h + 134 = 0, y - u - 17 = 3*h. What is the t